
Does 304 divide 1090009178?
False
Is 3303 a factor of 500563408?
False
Is 17209115 a multiple of 1027?
False
Is 522 a factor of 5517540?
True
Is 244705170 a multiple of 14?
False
Is 918480384 a multiple of 384?
True
Is 2 a factor of 399241400?
True
Does 8 divide 532099208?
True
Is 2574762 a multiple of 19?
False
Is 50979727 a multiple of 18?
False
Is 341801145 a multiple of 58?
False
Is 265242474 a multiple of 14?
True
Does 437 divide 60719839?
True
Is 1513 a factor of 13119223?
True
Is 187 a factor of 135020817?
False
Is 1344 a factor of 47283264?
True
Does 51 divide 630003?
True
Is 819 a factor of 2112977342?
False
Is 212 a factor of 27925276?
True
Does 125 divide 941297500?
True
Is 54 a factor of 61123356?
True
Does 3733 divide 425563337?
False
Is 39235174 a multiple of 857?
True
Is 1518474763 a multiple of 86?
False
Does 227 divide 11874597?
True
Does 290 divide 116786770?
True
Does 4 divide 30930672?
True
Does 16 divide 4202252176?
True
Is 556479599 a multiple of 13?
True
Does 29 divide 8730392?
True
Does 17 divide 29159428?
False
Is 40613327 a multiple of 5?
False
Is 570718720 a multiple of 704?
True
Is 8702 a factor of 1466179486?
False
Is 64 a factor of 42095023?
False
Does 31 divide 2862256381?
True
Is 14698779 a multiple of 533?
False
Does 128 divide 19796096?
True
Does 4 divide 603506586?
False
Is 68674202 a multiple of 2?
True
Is 809511864 a multiple of 5362?
True
Does 9 divide 1377072?
True
Is 524780863 a multiple of 144?
False
Is 33 a factor of 899481363?
True
Is 3495 a factor of 1324140165?
True
Is 546503616 a multiple of 12?
True
Is 123 a factor of 45735459?
True
Is 140072398 a multiple of 514?
False
Is 855 a factor of 598905303?
False
Does 378 divide 2313360?
True
Is 93 a factor of 103715367?
True
Does 859 divide 970872908?
False
Is 60110284 a multiple of 52?
True
Does 16 divide 12570848?
True
Does 2697 divide 1526305119?
True
Is 102 a factor of 31311042?
True
Is 1576 a factor of 1212198291?
False
Is 159611920 a multiple of 71?
False
Is 30 a factor of 19474890?
True
Is 37661243 a multiple of 60?
False
Is 3639 a factor of 747833782?
False
Is 5 a factor of 12302135?
True
Is 923 a factor of 125097077?
False
Is 195778299 a multiple of 19?
True
Does 5014 divide 2912337981?
False
Is 2176755 a multiple of 15?
True
Does 23 divide 96062696?
False
Does 47 divide 2528109?
False
Is 1773711371 a multiple of 2950?
False
Is 119764559 a multiple of 45?
False
Is 23596787 a multiple of 5?
False
Is 236 a factor of 410159778?
False
Is 1546 a factor of 31445848?
False
Does 1046 divide 15595860?
True
Is 272218176 a multiple of 1776?
True
Is 50143501 a multiple of 6?
False
Is 2577 a factor of 3495553611?
True
Is 52959814 a multiple of 72?
False
Is 1204794 a multiple of 222?
True
Is 90110149 a multiple of 1082?
False
Is 2099 a factor of 150555818?
False
Is 14 a factor of 247054850?
True
Does 51 divide 1249223325?
True
Is 4720800203 a multiple of 47?
False
Is 2244114465 a multiple of 13?
False
Is 123788250 a multiple of 81?
True
Is 119 a factor of 249284731?
False
Does 454 divide 2404566391?
False
Is 964 a factor of 118011916?
True
Is 243 a factor of 458000837?
False
Is 244 a factor of 46958665?
False
Is 2209074 a multiple of 5?
False
Does 37 divide 52482724?
True
Is 251559499 a multiple of 12?
False
Does 2005 divide 4494766895?
True
Does 71 divide 41466769?
True
Does 1356 divide 2654363220?
True
Is 149 a factor of 315330639?
False
Is 551698 even?
True
Is 13408949 a multiple of 6?
False
Does 339 divide 76495467?
False
Is 233312760 a multiple of 408?
True
Is 246137606 a multiple of 2763?
False
Does 160 divide 5685760?
True
Is 1555224360 a multiple of 938?
False
Is 43 a factor of 2852410289?
True
Is 9195120 a multiple of 162?
True
Is 345 a factor of 28937606?
False
Is 364 a factor of 345814807?
False
Is 12 a factor of 302479105?
False
Is 3843 a factor of 222984157?
False
Is 8 a factor of 7756522?
False
Is 179568585 a multiple of 651?
True
Is 7237 a factor of 1592704486?
True
Is 2070 a factor of 57166388?
False
Is 327 a factor of 6556599382?
False
Is 1189811934 a multiple of 285?
False
Is 224 a factor of 257077291?
False
Is 24287123 a multiple of 661?
True
Does 2544 divide 505958352?
True
Does 3531 divide 265764246?
True
Is 153095959 a multiple of 758?
False
Does 92 divide 83789199?
False
Is 3761 a factor of 3394095645?
True
Is 128 a factor of 2214114?
False
Is 1207 a factor of 185427919?
False
Is 25 a factor of 5889429?
False
Is 904 a factor of 24467664?
True
Does 16 divide 202227728?
True
Does 5 divide 33065645?
True
Does 71 divide 6866974379?
True
Is 322084295 a multiple of 221?
True
Does 2549 divide 98880808?
True
Is 555 a factor of 91223130?
True
Does 307 divide 13365453?
False
Does 11 divide 672318515?
True
Does 2 divide 209428?
True
Is 14318854 a multiple of 979?
True
Is 1715 a factor of 1514478071?
False
Is 8676 a factor of 4555828332?
True
Does 5 divide 2928907065?
True
Is 424531 a multiple of 182?
False
Is 157164807 a multiple of 1914?
False
Is 16 a factor of 1509833733?
False
Is 22 a factor of 30095514?
False
Does 88 divide 17647845?
False
Does 655 divide 135545931?
False
Does 13 divide 2174176634?
False
Is 15 a factor of 2081238372?
False
Is 524847965 a multiple of 3085?
True
Is 28688044 a multiple of 319?
False
Does 2398 divide 3209960694?
False
Is 55 a factor of 17221270?
True
Is 108220161 a multiple of 21?
True
Does 3040 divide 377463285?
False
Is 123834457 a multiple of 322?
False
Is 329 a factor of 3225413?
False
Does 7 divide 11765585?
False
Is 1157725152 a multiple of 18?
True
Is 1371236647 a multiple of 6001?
False
Is 2342080988 a multiple of 21?
False
Is 227468281 a multiple of 10?
False
Is 119 a factor of 58721949?
False
Is 258 a factor of 8266007?
False
Is 263 a factor of 6617315?
False
Is 726520068 a multiple of 181?
False
Does 3407 divide 51259491?
False
Is 16 a factor of 1412608?
True
Is 373 a factor of 618185611?
False
Does 261 divide 45818620?
False
Is 16747461 a multiple of 19?
False
Is 570631 a multiple of 2?
False
Does 127 divide 46430260?
False
Is 81 a factor of 121011645?
False
Is 3474328093 a multiple of 123?
False
Is 330 a factor of 1317968256?
False
Is 63 a factor of 172201869?
True
Does 10 divide 174391340?
True
Does 2192 divide 1808975991?
False
Is 37 a factor of 40840896?
True
Is 19 a factor of 29592502?
False
Is 173824 a multiple of 8?
True
Does 126 divide 1249452792?
True
Does 21 divide 10930437?
True
Is 146 a factor of 31466650?
True
Is 209901060 a multiple of 1410?
True
Is 83 a factor of 980179370?
True
Is 223 a factor of 106898719?
False
Is 22 a factor of 1028637720?
True
Is 84115762 a multiple of 289?
True
Is 10 a factor of 2793315307?
False
Is 63 a factor of 2797553477?
False
Does 201 divide 686616?
True
Is 4 a factor of 103037768?
True
Does 8 divide 115003560?
True
Is 15998763 a multiple of 3?
True
Is 6543999 a multiple of 99?
True
Is 111 a factor of 15040722?
True
Is 130368088 a multiple of 28?
False
Does 80 divide 6249253?
False
Is 6634 a factor of 2941243606?
True
Is 133 a factor of 5620200?
False
Is 15772000 a multiple of 800?
True
Is 3438 a factor of 98988811?
False
Does 37 divide 1178481678?
False
Is 1041168383 a multiple of 11?
False
Does 2 divide 52408723?
False
Is 1648069442 a multiple of 181?
False
Is 2748831961 a multiple of 29?
True
Is 6820929 a multiple of 276?
False
Is 4568 a factor of 202887720?
True
Does 5 divide 74371090?
True
Does 2894 divide 19751550?
True
Does 10 divide 39607010?
True
Is 67929370 a multiple of 62?
True
Is 130 a factor of 362003694?
False
Is 731477439 a multiple of 51?
False
Does 307 divide 518324216?
False
Is 6761 a factor of 27246830?
True
Is 69 a factor of 20913409?
False
Is 411 a factor of 207635145?
True
Is 212 a factor of 43805560?
True
Is 212 a factor of 819560836?
True
Is 877325792 a multiple of 8?
True
Does 6 divide 619381866?
True
Is 9720561 a multiple of 67?
True
Is 18982983 a multiple of 339?
True
Does 21 divide 106273503?
True
Is 657746206 a multiple of 237?
False
Does 22 divide 421915984?
False
Is 14564870 a multiple of 48?
False
Is 1063550761 a multiple of 80?
False
Does 420 divide 517005676?
False
Is 8172 a factor of 1458942612?
False
Is 1005815246 a multiple of 4749?
False
Is 10606 a factor of 2226802034?
False
Does 45 divide 956347637?
False
Is 9505